V/Λ SELECT: Month and Year
OR > Month
Monthly Climatological Summary for Okt 2023
Name: Wetterstation Ottenau City: Gaggenau-Ottenau State: Deutschland
Elevation: 144 m Lat: N 48° 47' 34" Lon: E 008° 19' 35"
Temperature (°C), Rain (mm), Wind Speed (km/h)
Heat Cool Avg
Mean Deg Deg Wind Dom
Day Temp High Time Low Time Days Days Rain Speed High Time Dir
----------------------------------------------------------------------------------
01 18.5 25.4 15:56 11.6 08:11 2.1 1.7 0.0 1.8 16.0 02:28 NNW
02 19.9 27.9 15:31 11.9 06:43 1.6 2.5 0.0 1.3 11.0 02:47 NNW
03 20.3 27.7 11:57 12.8 23:56 1.4 2.9 7.0 3.2 42.0 16:58 SW
04 14.5 19.6 15:56 9.3 07:41 4.5 0.1 0.0 1.2 14.0 12:44 NNW
05 14.2 18.1 14:05 10.2 04:24 4.9 0.0 0.0 1.4 16.0 23:49 NE
06 14.7 21.8 16:10 7.6 06:09 5.1 0.3 0.0 2.0 18.0 04:05 N
07 15.1 23.4 16:24 6.7 07:36 4.6 0.8 0.0 1.3 14.0 14:55 SSE
08 18.5 26.3 16:18 10.7 05:32 2.9 1.8 0.0 1.2 16.0 12:55 S
09 19.8 27.5 16:43 12.1 08:02 2.1 2.0 0.0 1.3 14.0 15:03 SE
10 18.6 26.1 15:58 11.1 07:45 2.3 1.6 0.0 1.2 14.0 23:57 NNW
11 20.1 27.8 15:07 12.3 07:28 1.5 2.3 0.0 2.1 19.0 14:19 SW
12 21.7 26.6 13:27 16.7 07:57 0.2 3.8 0.0 2.6 24.0 11:49 SSW
13 23.1 30.3 15:02 15.8 06:25 0.3 5.2 0.0 2.8 27.0 23:30 S
14 17.9 26.7 00:00 9.0 23:59 2.7 1.6 21.0 3.9 35.0 01:10 SW
15 10.0 15.0 14:26 5.0 23:59 7.9 0.0 0.2 1.9 23.0 14:06 NW
16 9.0 15.9 15:39 2.1 07:54 10.1 0.0 0.0 1.5 18.0 15:47 ENE
17 10.6 15.3 15:50 5.8 08:42 8.9 0.0 0.0 2.6 23.0 03:44 S
18 8.2 12.2 17:11 4.1 06:43 10.0 0.0 2.0 1.1 19.0 20:53 NNW
19 13.9 17.4 16:57 10.4 00:00 4.2 0.0 8.6 0.7 13.0 17:49 S
20 17.2 21.0 13:44 13.3 20:30 1.6 0.2 3.2 3.0 32.0 08:47 S
21 15.4 19.7 15:33 11.1 23:35 1.9 0.1 0.0 3.9 32.0 04:31 SSW
22 13.6 18.3 15:26 8.8 07:46 5.0 0.0 0.0 2.2 29.0 10:59 S
23 10.7 13.5 18:59 7.9 07:20 7.1 0.0 1.6 1.8 23.0 04:58 NE
24 13.3 16.4 00:51 10.1 23:59 5.5 0.0 15.2 1.1 23.0 00:24 WSW
25 12.8 16.9 15:29 8.7 06:33 5.4 0.0 1.4 4.3 37.0 19:55 S
26 14.3 17.7 14:51 10.8 08:03 4.6 0.0 6.0 2.0 27.0 00:46 SW
27 13.3 15.8 15:56 10.8 06:48 5.6 0.0 6.2 2.8 29.0 12:04 SSW
28 13.9 16.2 12:59 11.6 00:22 4.9 0.0 4.6 4.3 39.0 13:04 SSE
29 15.6 19.1 16:10 12.0 08:52 3.9 0.0 38.2 4.0 35.0 17:20 SSE
30 14.4 17.3 11:07 11.4 07:47 4.2 0.0 12.2 2.1 29.0 20:32 S
31 13.0 14.8 11:52 11.3 07:47 5.4 0.0 3.8 3.1 22.5 04:10 SSW
----------------------------------------------------------------------------------
15.3 30.3 13 2.1 16 132.4 26.9 131.2 2.2 42.0 3 S
Max >= 27.0 5
Max <= 0.0 0
Min <= 0.0 0
Min <= -18.0 0
Max Rain: 38.2 on day 29
Days of Rain: 15 (>= 0.2 mm) 12 (>= 2.0 mm) 2 (>= 20.0 mm)
Heat Base: 18.3 Cool Base: 18.3 Method: Integration