V/Λ SELECT: Month and Year
OR > Month
Monthly Climatological Summary for Sep 2021
Name: Wetterstation Ottenau City: Gaggenau-Ottenau State: Deutschland
Elevation: 144 m Lat: N 48° 47' 34" Lon: E 008° 19' 35"
Temperature (°C), Rain (mm), Wind Speed (km/h)
Heat Cool Avg
Mean Deg Deg Wind Dom
Day Temp High Time Low Time Days Days Rain Speed High Time Dir
----------------------------------------------------------------------------------
01 17.4 24.7 15:22 10.1 06:47 3.1 1.8 0.0 2.0 22.5 15:52 NNW
02 18.0 26.6 15:44 9.4 06:47 3.3 2.5 0.0 1.9 20.9 12:07 ESE
03 19.7 26.7 16:24 12.7 01:59 1.6 2.4 0.0 2.9 20.9 07:54 N
04 20.6 28.1 16:06 13.1 06:59 1.0 2.8 0.0 3.0 19.3 04:57 N
05 21.4 29.1 16:08 13.7 06:42 1.0 3.0 0.0 2.4 19.3 04:30 N
06 22.4 29.4 16:16 15.4 07:21 0.8 3.4 0.0 2.5 24.1 16:10 N
07 21.6 28.3 15:19 14.8 06:36 1.0 2.9 0.0 1.8 16.1 05:31 NE
08 20.9 29.4 16:44 12.4 07:22 1.6 3.6 0.0 1.9 16.1 14:21 NW
09 20.9 25.8 12:48 15.9 05:55 0.3 3.1 0.0 1.1 19.3 12:27 NNW
10 21.3 25.8 15:57 16.7 06:34 0.2 2.5 0.0 1.2 16.1 15:58 SW
11 20.5 25.0 14:10 15.9 23:59 0.4 1.5 2.6 0.9 19.3 14:37 NW
12 19.8 25.6 15:37 13.9 06:56 1.5 2.1 0.0 2.0 16.1 03:34 NNE
13 20.3 27.1 15:08 13.4 07:14 1.3 2.4 0.0 2.0 16.1 10:56 NNW
14 21.0 27.7 15:14 14.2 06:48 1.0 2.9 0.0 1.1 14.5 15:19 NNW
15 21.6 24.3 16:13 18.8 21:56 0.0 2.5 1.0 1.7 27.4 11:33 S
16 17.5 19.6 16:37 15.3 23:50 0.6 0.3 5.0 1.2 14.5 07:39 WNW
17 17.3 22.6 16:57 11.9 07:03 2.4 0.9 0.0 1.3 12.9 12:51 N
18 18.1 24.9 14:33 11.3 06:48 3.0 1.6 0.0 2.4 19.3 05:08 NE
19 15.4 20.4 15:50 10.3 07:17 3.1 0.3 0.0 1.8 16.1 10:57 WNW
20 15.9 20.2 15:49 11.6 23:48 2.3 0.1 0.0 1.7 16.1 12:38 NNW
21 15.1 19.8 16:12 10.4 23:10 4.0 0.1 0.0 1.9 22.5 12:58 NNW
22 15.3 22.3 14:41 8.2 07:05 4.9 0.8 0.0 1.3 22.5 13:39 ENE
23 16.0 23.2 15:54 8.7 05:18 4.2 1.0 0.0 1.7 17.7 06:36 WNW
24 17.3 24.2 15:55 10.3 05:52 3.3 1.3 0.0 1.5 17.7 15:00 NW
25 18.9 25.4 16:31 12.3 06:47 1.9 1.9 0.0 2.1 19.3 02:18 NNE
26 19.0 23.8 13:18 14.2 06:40 1.0 0.8 1.0 1.1 19.3 14:44 NNW
27 19.4 24.4 14:34 14.4 07:21 1.1 1.6 0.2 1.4 24.1 23:39 SW
28 16.0 20.4 15:30 11.6 07:37 3.0 0.3 1.6 1.8 19.3 15:51 NW
29 15.5 20.1 13:08 10.8 22:44 3.5 0.1 4.0 2.7 33.8 13:04 SSW
30 12.9 17.4 15:22 8.4 04:44 6.2 0.0 0.0 1.5 16.1 16:32 NNW
----------------------------------------------------------------------------------
18.5 29.4 6 8.2 22 62.6 50.5 15.4 1.8 33.8 29 NNW
Max >= 27.0 7
Max <= 0.0 0
Min <= 0.0 0
Min <= -18.0 0
Max Rain: 5.0 on day 16
Days of Rain: 7 (>= 0.2 mm) 3 (>= 2.0 mm) 0 (>= 20.0 mm)
Heat Base: 18.3 Cool Base: 18.3 Method: Integration