V/Λ SELECT: Month and Year
OR > Month
Monthly Climatological Summary for Aug 2021
Name: Wetterstation Ottenau City: Gaggenau-Ottenau State: Deutschland
Elevation: 144 m Lat: N 48° 47' 34" Lon: E 008° 19' 35"
Temperature (°C), Rain (mm), Wind Speed (km/h)
Heat Cool Avg
Mean Deg Deg Wind Dom
Day Temp High Time Low Time Days Days Rain Speed High Time Dir
----------------------------------------------------------------------------------
01 19.3 22.8 14:15 15.7 15:17 0.9 0.5 8.6 1.9 22.5 14:43 S
02 19.1 24.1 16:46 14.1 03:55 1.3 1.3 0.0 2.2 29.0 12:52 SSW
03 19.1 23.3 15:25 14.8 06:05 1.9 0.5 37.6 3.0 33.8 16:34 SSE
04 18.3 22.6 14:21 13.9 06:29 1.5 1.0 0.4 1.3 12.9 13:01 WNW
05 20.2 24.9 14:55 15.5 06:22 0.7 1.5 2.2 1.5 17.7 13:58 WNW
06 19.8 24.3 16:15 15.3 02:16 0.6 1.7 4.8 2.6 27.4 14:33 SSW
07 18.7 21.7 10:37 15.7 23:38 0.6 0.7 3.4 2.9 19.3 07:58 SSE
08 18.8 23.2 15:43 14.4 23:46 0.8 0.7 7.2 3.2 25.7 00:09 S
09 19.7 25.4 17:07 13.9 02:10 1.4 2.4 0.0 3.1 22.5 05:11 SSW
10 20.5 25.7 16:37 15.3 04:24 0.8 2.5 0.0 2.4 17.7 04:57 NNW
11 23.1 29.2 16:14 16.9 06:34 0.1 4.4 0.0 2.3 16.1 04:52 NNW
12 24.7 30.9 16:05 18.4 07:34 0.0 5.8 0.0 3.0 24.1 02:57 NW
13 25.7 31.5 15:14 19.8 06:23 0.0 7.1 0.0 2.4 19.3 15:39 WNW
14 25.5 32.0 16:09 18.9 06:04 0.0 6.8 0.0 2.3 16.1 07:49 N
15 25.1 31.7 16:20 18.5 06:11 0.0 5.7 0.6 2.0 16.1 15:57 NNW
16 20.2 24.4 15:07 16.0 22:58 0.3 2.6 4.0 3.4 32.2 18:54 W
17 15.9 20.6 14:00 11.2 05:24 2.7 0.3 2.0 2.0 20.9 00:17 SW
18 17.9 21.2 16:59 14.6 03:36 1.5 0.5 4.6 1.7 16.1 12:06 SSW
19 20.0 23.3 15:05 16.6 04:46 0.5 1.4 0.0 1.4 19.3 13:04 W
20 21.9 26.7 16:54 17.1 06:08 0.2 2.8 0.0 1.4 17.7 16:33 NW
21 22.7 29.5 17:22 15.8 05:03 0.6 4.1 0.0 2.2 16.1 13:07 NNW
22 19.1 21.8 01:09 16.3 21:13 0.5 0.7 57.4 2.0 22.5 12:37 SSE
23 19.4 22.6 17:02 16.1 06:03 0.7 0.8 2.6 1.2 14.5 12:48 NW
24 17.0 21.3 12:14 12.6 07:22 1.6 0.7 0.0 2.6 22.5 13:30 NNW
25 18.0 24.3 14:32 11.6 07:08 2.0 1.9 0.0 2.8 20.9 12:31 NNW
26 16.1 19.5 15:45 12.6 07:17 3.0 0.0 5.4 1.3 17.7 01:04 SSE
27 16.9 20.3 15:46 13.4 01:47 2.5 0.2 1.0 1.2 12.9 10:06 NW
28 16.0 18.3 11:39 13.6 23:57 2.7 0.0 6.0 1.1 16.1 11:28 NW
29 14.9 16.6 12:39 13.2 00:40 3.5 0.0 17.0 1.5 22.5 12:51 NNW
30 17.6 20.4 15:00 14.8 05:45 2.4 0.1 15.8 0.6 40.2 15:28 WNW
31 17.9 22.3 15:58 13.4 23:55 2.1 0.4 0.2 1.7 17.7 16:07 NNW
----------------------------------------------------------------------------------
19.6 32.0 14 11.2 17 37.4 59.1 180.8 2.1 40.2 30 W
Max >= 27.0 6
Max <= 0.0 0
Min <= 0.0 0
Min <= -18.0 0
Max Rain: 57.4 on day 22
Days of Rain: 19 (>= 0.2 mm) 15 (>= 2.0 mm) 2 (>= 20.0 mm)
Heat Base: 18.3 Cool Base: 18.3 Method: Integration