V/Λ SELECT: Month and Year
OR > Month
Monthly Climatological Summary for Jun 2021
Name: Wetterstation Ottenau City: Gaggenau-Ottenau State: Deutschland
Elevation: 144 m Lat: N 48° 47' 34" Lon: E 008° 19' 35"
Temperature (°C), Rain (mm), Wind Speed (km/h)
Heat Cool Avg
Mean Deg Deg Wind Dom
Day Temp High Time Low Time Days Days Rain Speed High Time Dir
----------------------------------------------------------------------------------
01 19.0 27.8 17:21 10.1 05:55 1.7 3.7 0.0 2.9 20.9 15:37 SE
02 22.2 29.7 16:22 14.6 06:19 0.6 4.4 0.0 4.1 25.7 04:16 SSW
03 22.2 29.4 15:51 15.0 06:27 0.5 4.8 0.0 2.2 24.1 12:39 WNW
04 23.8 29.9 15:28 17.7 05:03 0.0 4.7 0.0 2.4 20.9 15:40 SSE
05 20.5 24.4 17:58 16.6 05:54 0.2 1.8 0.0 2.5 22.5 14:22 WSW
06 17.2 19.2 17:56 15.2 04:45 1.5 0.1 6.2 0.8 12.9 03:20 W
07 17.5 18.7 17:46 16.2 05:18 1.0 0.0 1.2 1.8 14.5 14:34 NNW
08 21.0 25.2 17:36 16.7 05:59 0.4 2.1 2.4 1.8 17.7 16:06 NNW
09 22.2 28.1 17:37 16.2 05:35 0.4 3.1 0.6 2.8 19.3 13:40 NNW
10 22.1 28.9 16:53 15.3 06:04 0.6 4.5 0.0 3.6 20.9 01:23 N
11 23.6 30.6 15:40 16.6 05:43 0.2 5.4 0.0 3.3 19.3 15:39 N
12 22.8 28.2 15:38 17.4 06:07 0.0 4.9 0.0 3.7 27.4 11:12 NW
13 21.3 26.9 18:00 15.7 23:29 0.3 3.2 0.0 4.2 24.1 11:59 NNW
14 21.5 31.1 15:27 11.8 04:15 1.5 5.2 0.0 3.3 22.5 15:13 NNW
15 24.9 32.0 16:35 17.8 05:51 0.0 6.3 0.0 3.3 20.9 04:05 N
16 26.2 33.9 17:50 18.4 05:37 0.0 7.0 0.0 2.4 16.1 10:40 NNW
17 27.9 34.8 16:05 20.9 06:19 0.0 9.6 0.0 2.8 20.9 10:31 ENE
18 27.7 35.0 16:33 20.3 06:11 0.0 9.5 10.2 2.4 17.7 18:50 NW
19 27.1 33.9 17:49 20.2 05:08 0.0 8.5 3.0 2.4 20.9 13:57 SSE
20 24.8 31.1 15:04 18.4 22:41 0.0 6.8 11.8 3.1 46.7 20:54 SW
21 22.7 29.2 17:10 16.2 06:04 0.3 4.3 0.6 2.8 32.2 22:19 WNW
22 19.9 23.8 17:08 16.0 03:57 0.6 1.3 5.4 2.0 14.5 16:23 NW
23 21.9 26.4 15:54 17.3 01:34 0.2 2.1 3.0 2.6 19.3 12:35 NW
24 20.7 24.1 16:56 17.3 06:18 0.2 1.6 20.8 2.3 19.3 16:57 WNW
25 19.0 22.3 18:02 15.6 23:19 1.1 0.7 5.0 1.7 17.7 09:49 WSW
26 20.8 27.4 17:51 14.2 05:10 1.1 3.3 0.0 2.5 19.3 13:42 NNW
27 23.9 31.1 14:44 16.6 02:06 0.2 5.4 0.0 2.9 20.9 23:38 S
28 24.9 30.8 17:08 18.9 23:58 0.0 5.5 3.6 3.1 25.7 01:46 NW
29 20.8 25.4 12:41 16.1 23:26 0.5 1.2 25.0 2.1 27.4 14:15 SW
30 17.3 20.4 15:16 14.1 21:34 2.1 0.1 9.6 2.6 27.4 10:58 SSW
----------------------------------------------------------------------------------
22.2 35.0 18 10.1 1 15.2 121.1 108.4 2.7 46.7 20 NW
Max >= 27.0 19
Max <= 0.0 0
Min <= 0.0 0
Min <= -18.0 0
Max Rain: 25.0 on day 29
Days of Rain: 15 (>= 0.2 mm) 12 (>= 2.0 mm) 2 (>= 20.0 mm)
Heat Base: 18.3 Cool Base: 18.3 Method: Integration