V/Λ SELECT: Month and Year
OR > Month
Monthly Climatological Summary for Dez 2020
Name: Wetterstation Ottenau City: Gaggenau-Ottenau State: Deutschland
Elevation: 144 m Lat: N 48° 47' 34" Lon: E 008° 19' 35"
Temperature (°C), Rain (mm), Wind Speed (km/h)
Heat Cool Avg
Mean Deg Deg Wind Dom
Day Temp High Time Low Time Days Days Rain Speed High Time Dir
----------------------------------------------------------------------------------
03 1.5 2.2 00:00 0.8 05:51 5.4 0.0 0.0 ---- 8.0 01:11 WSW
04 3.0 6.0 17:53 0.0 17:53 3.4 0.0 0.0 0.7 29.0 01:52 NW
05 3.3 4.9 14:11 1.6 09:02 13.3 0.0 5.4 0.4 11.3 22:18 WNW
06 3.9 4.8 15:19 2.9 06:19 14.6 0.0 2.4 0.4 8.0 17:35 WNW
07 3.7 7.1 11:57 0.3 23:51 14.4 0.0 0.0 0.5 9.7 12:31 N
08 2.7 5.7 13:52 -0.4 01:20 15.8 0.0 0.0 1.3 14.5 03:31 NW
09 2.6 3.8 11:13 1.4 20:56 15.5 0.0 0.2 1.1 11.3 12:21 WSW
10 1.6 3.6 12:07 -0.4 23:57 16.2 0.0 0.0 0.6 19.3 18:36 NNW
11 1.9 6.2 21:36 -2.4 03:18 16.9 0.0 1.6 1.1 14.5 14:06 N
12 5.9 7.9 14:06 3.8 02:27 12.0 0.0 2.8 0.9 12.9 00:06 N
13 5.3 7.8 02:29 2.8 23:59 11.4 0.0 1.4 1.0 14.5 04:30 NW
14 5.2 8.4 14:26 1.9 03:35 13.6 0.0 0.0 0.6 20.9 07:13 E
15 5.6 8.8 14:43 2.4 00:00 12.0 0.0 1.4 0.1 8.0 14:51 N
16 7.1 9.5 10:54 4.6 21:40 7.5 0.0 0.2 0.1 11.3 14:08 NNW
17 5.7 9.3 15:01 2.1 07:01 13.0 0.0 0.6 0.2 12.9 10:32 N
18 3.4 5.6 13:16 1.1 09:02 15.0 0.0 0.0 0.9 9.7 04:41 N
19 5.8 10.8 14:33 0.7 08:30 13.3 0.0 0.0 0.2 8.0 15:11 N
20 7.4 9.9 13:41 4.9 00:00 11.1 0.0 1.0 0.3 9.7 15:03 N
21 8.0 11.9 23:02 4.1 08:41 10.2 0.0 0.2 1.7 27.4 23:18 N
22 14.0 16.1 22:30 11.9 00:00 4.2 0.0 6.8 5.9 35.4 06:18 NNW
23 14.3 16.6 06:13 12.0 20:47 3.7 0.0 11.6 4.2 27.4 05:05 SW
24 6.5 12.2 00:33 0.7 23:45 10.4 0.0 21.8 4.6 35.4 01:56 WSW
25 2.0 3.7 13:38 0.3 20:28 16.7 0.0 8.4 0.7 14.5 13:41 N
26 1.3 3.9 14:03 -1.3 23:57 17.1 0.0 0.6 0.6 11.3 14:30 SSE
27 3.4 8.6 18:39 -1.9 05:45 15.0 0.0 0.4 3.7 32.2 23:40 SE
28 4.4 8.8 00:16 -0.1 20:58 13.6 0.0 11.0 3.0 40.2 00:26 SE
29 4.0 5.8 05:25 2.2 07:45 13.4 0.0 5.6 3.6 51.5 08:33 SSW
30 4.5 6.5 11:47 2.4 02:27 13.9 0.0 0.8 2.0 16.1 22:35 S
31 2.8 5.8 15:01 -0.2 07:05 15.2 0.0 2.4 1.1 9.7 04:17 SSE
----------------------------------------------------------------------------------
4.8 16.6 23 -2.4 11 357.8 0.0 86.6 1.5 51.5 29 W
Max >= 27.0 0
Max <= 0.0 0
Min <= 0.0 8
Min <= -18.0 0
Max Rain: 21.8 on day 24
Days of Rain: 21 (>= 0.2 mm) 10 (>= 2.0 mm) 1 (>= 20.0 mm)
Heat Base: 18.3 Cool Base: 18.3 Method: Integration