V/Λ SELECT: Month and Year
OR > Month
Monthly Climatological Summary for Nov 2018
Name: Wetterstation Ottenau City: Gaggenau-Ottenau State: Deutschland
Elevation: 144 m Lat: N 48° 47' 34" Lon: E 008° 19' 35"
Temperature (°C), Rain (mm), Wind Speed (km/h)
Heat Cool Avg
Mean Deg Deg Wind Dom
Day Temp High Time Low Time Days Days Rain Speed High Time Dir
----------------------------------------------------------------------------------
01 9.1 14.8 14:44 3.4 05:03 10.1 0.0 0.4 1.1 19.3 19:48 N
02 10.5 14.4 13:13 6.6 04:04 8.0 0.0 0.0 0.8 14.5 23:05 N
03 9.9 14.6 13:56 5.1 07:59 8.1 0.0 0.0 2.2 20.9 13:41 N
04 12.1 16.1 13:50 8.0 23:57 6.9 0.0 0.0 0.6 11.3 13:33 NNW
05 8.3 11.8 13:01 4.8 07:03 10.0 0.0 0.0 0.5 14.5 13:45 N
06 8.3 10.1 15:06 6.5 06:51 10.5 0.0 0.0 0.6 12.9 15:43 N
07 10.9 16.6 14:22 5.1 04:17 8.0 0.0 0.0 1.0 14.5 12:12 NNW
08 12.3 14.3 14:03 10.2 21:05 6.1 0.0 0.0 1.1 20.9 04:08 N
09 11.5 16.6 14:37 6.4 23:53 8.1 0.0 0.0 0.7 12.9 12:48 N
10 10.3 14.3 22:50 6.3 00:00 7.5 0.0 1.4 1.2 16.1 22:20 N
11 14.2 14.2 00:00 14.2 00:00 4.1 0.0 0.0 3.2 0.0 00:00 N
12 14.2 14.2 00:00 14.2 00:00 4.1 0.0 0.0 3.2 0.0 00:00 N
13 10.3 14.2 00:00 6.4 23:59 5.4 0.0 10.6 2.6 16.1 11:20 N
14 6.4 8.1 09:23 4.6 09:57 12.1 0.0 0.2 1.5 16.1 03:53 N
15 6.1 6.6 19:29 5.6 08:04 12.2 0.0 0.0 0.5 9.7 13:20 N
16 7.1 11.6 14:07 2.5 23:59 11.5 0.0 0.0 1.3 24.1 18:46 N
17 6.9 11.8 14:16 1.9 00:58 11.9 0.0 0.0 3.7 24.1 12:48 N
18 5.7 9.2 14:04 2.1 08:22 13.4 0.0 0.0 4.7 25.7 11:53 N
19 3.0 5.4 11:55 0.6 04:35 15.0 0.0 0.0 4.1 27.4 19:32 N
20 3.4 6.9 13:28 -0.2 23:58 14.6 0.0 0.0 2.9 27.4 02:37 N
21 2.1 6.7 13:41 -2.6 07:35 17.5 0.0 0.0 1.0 12.9 13:07 N
22 3.4 7.8 13:48 -1.1 23:46 16.2 0.0 0.0 0.6 9.7 12:19 N
23 1.0 4.0 14:57 -2.1 07:10 17.6 0.0 0.0 0.4 8.0 11:41 N
24 6.6 10.8 15:32 2.3 00:00 12.6 0.0 0.8 0.9 24.1 14:11 N
25 7.5 12.2 14:35 2.7 08:36 11.4 0.0 0.0 1.5 24.1 05:01 N
26 5.5 6.7 11:03 4.3 21:51 12.5 0.0 0.2 1.8 14.5 01:38 N
27 4.1 5.4 13:59 2.7 21:59 13.9 0.0 0.4 0.2 9.7 07:56 N
28 4.6 8.2 13:53 1.0 05:19 13.9 0.0 0.0 1.2 14.5 13:26 N
29 4.8 7.6 15:04 1.9 22:36 13.6 0.0 0.0 1.0 24.1 15:07 N
30 5.5 9.1 15:26 1.8 01:11 12.3 0.0 2.0 0.2 9.7 08:17 N
----------------------------------------------------------------------------------
7.5 16.6 7 -2.6 21 329.1 0.0 16.0 1.6 27.4 19 N
Max >= 27.0 0
Max <= 0.0 0
Min <= 0.0 4
Min <= -18.0 0
Max Rain: 10.6 on day 13
Days of Rain: 8 (>= 0.2 mm) 2 (>= 2.0 mm) 0 (>= 20.0 mm)
Heat Base: 18.3 Cool Base: 18.3 Method: Integration