V/Λ SELECT: Month and Year
OR > Month
Monthly Climatological Summary for Apr 2018
Name: Wetterstation Ottenau City: Gaggenau-Ottenau State: Deutschland
Elevation: 144 m Lat: N 48° 47' 34" Lon: E 008° 19' 35"
Temperature (°C), Rain (mm), Wind Speed (km/h)
Heat Cool Avg
Mean Deg Deg Wind Dom
Day Temp High Time Low Time Days Days Rain Speed High Time Dir
----------------------------------------------------------------------------------
01 7.5 9.3 01:44 5.6 12:22 10.7 0.0 5.4 3.2 33.8 12:05 SSW
02 10.3 17.2 15:28 3.4 06:52 8.1 0.0 0.0 2.6 19.3 04:45 ESE
03 15.8 22.2 15:01 9.3 01:03 3.0 1.0 1.0 3.7 29.0 01:50 S
04 15.1 19.1 13:10 11.1 04:53 4.5 0.0 4.0 4.6 40.2 22:24 S
05 9.3 13.1 00:53 5.4 23:59 7.3 0.0 3.2 5.0 40.2 12:50 SSW
06 10.7 19.8 17:06 1.6 06:37 7.5 0.2 0.0 2.8 20.9 22:49 SE
07 15.9 26.4 17:31 5.4 07:12 4.3 1.5 0.0 4.4 29.0 02:09 NNE
08 18.9 27.1 14:56 10.6 06:44 2.5 2.1 0.0 3.5 24.1 02:10 NE
09 15.9 20.3 17:45 11.4 01:13 3.0 0.3 0.0 2.0 17.7 01:55 N
10 14.8 20.9 13:17 8.6 23:54 5.6 0.2 1.4 2.7 25.7 15:03 NW
11 13.1 21.1 16:53 5.0 07:02 5.7 0.3 0.0 3.2 24.1 13:24 NNW
12 14.9 21.1 16:26 8.7 07:05 4.4 0.3 0.6 2.1 19.3 14:06 NW
13 12.1 16.1 18:23 8.1 05:05 6.4 0.0 0.2 2.2 25.7 10:00 SSE
14 15.0 21.9 15:21 8.1 07:28 3.9 0.8 0.0 3.4 20.9 00:25 ESE
15 16.5 21.3 14:12 11.6 07:07 2.7 0.6 0.6 2.4 20.9 14:05 NNW
16 16.9 22.5 15:23 11.2 07:07 2.6 0.9 0.4 2.3 19.3 14:50 NW
17 17.3 24.8 17:01 9.7 05:39 3.2 1.8 0.0 3.1 19.3 12:03 NNW
18 19.8 27.8 16:14 11.7 05:59 2.0 3.2 0.0 3.0 22.5 14:02 ESE
19 19.8 29.7 16:55 9.9 07:11 2.3 3.7 0.0 2.8 19.3 11:25 NNW
20 21.1 28.3 16:29 13.9 07:14 0.9 3.2 0.0 3.3 19.3 05:37 N
21 21.6 29.4 15:36 13.8 06:37 1.0 3.7 0.0 3.1 19.3 01:53 N
22 21.9 30.1 16:15 13.6 07:06 0.6 4.2 0.0 2.4 16.1 02:15 SSW
23 18.6 21.8 15:26 15.4 06:24 0.9 0.4 2.0 2.2 22.5 16:41 S
24 17.1 22.5 17:32 11.6 06:14 1.9 0.9 0.0 2.3 25.7 11:25 WNW
25 16.8 21.4 16:03 12.2 03:36 2.0 0.5 0.6 4.3 30.6 14:08 NW
26 13.3 17.3 16:31 9.2 23:43 5.5 0.0 1.6 3.2 33.8 12:00 NW
27 14.9 23.4 17:05 6.3 06:15 4.5 1.1 0.0 3.1 22.5 02:44 NNW
28 15.2 21.1 16:41 9.2 06:24 3.6 0.4 0.6 2.3 19.3 15:15 NNW
29 19.3 28.8 17:20 9.7 06:17 3.1 2.7 0.4 3.0 25.7 23:57 N
30 16.5 20.1 16:06 12.9 05:13 2.4 0.2 0.0 5.9 40.2 15:08 WSW
----------------------------------------------------------------------------------
15.8 30.1 22 1.6 6 116.1 34.2 22.0 3.1 40.2 4 NW
Max >= 27.0 7
Max <= 0.0 0
Min <= 0.0 0
Min <= -18.0 0
Max Rain: 5.4 on day 1
Days of Rain: 14 (>= 0.2 mm) 4 (>= 2.0 mm) 0 (>= 20.0 mm)
Heat Base: 18.3 Cool Base: 18.3 Method: Integration