V/Λ SELECT: Month and Year
OR > Month
Monthly Climatological Summary for Dez 2017
Name: Wetterstation Ottenau City: Gaggenau-Ottenau State: Deutschland
Elevation: 144 m Lat: N 48° 47' 34" Lon: E 008° 19' 35"
Temperature (°C), Rain (mm), Wind Speed (km/h)
Heat Cool Avg
Mean Deg Deg Wind Dom
Day Temp High Time Low Time Days Days Rain Speed High Time Dir
----------------------------------------------------------------------------------
01 1.0 3.6 13:41 -1.7 22:32 17.4 0.0 1.2 0.6 14.5 14:08 NNW
02 0.4 3.4 14:07 -2.6 05:23 18.2 0.0 0.0 1.4 17.7 14:12 N
03 0.6 1.3 11:38 -0.2 06:03 17.9 0.0 0.2 1.0 11.3 16:49 WSW
04 2.6 4.2 22:14 0.9 00:00 15.7 0.0 0.2 1.1 11.3 21:37 S
05 4.4 5.9 14:57 2.9 04:58 13.9 0.0 0.0 0.9 12.9 13:03 S
06 2.5 4.8 14:59 0.2 23:57 14.3 0.0 0.0 0.9 9.7 07:32 NNW
07 5.5 11.8 21:40 -0.8 01:38 13.8 0.0 3.2 2.9 32.2 18:24 SSE
08 5.5 9.3 00:05 1.6 23:54 13.4 0.0 10.8 4.5 40.2 12:49 SW
09 1.8 3.0 13:00 0.6 08:16 16.7 0.0 0.0 4.1 27.4 21:31 SW
10 5.2 10.7 20:01 -0.4 10:52 14.0 0.0 8.8 6.3 41.8 20:22 SSE
11 8.5 10.4 23:44 6.6 05:48 9.5 0.0 15.6 6.4 37.0 02:27 SE
12 6.2 10.4 00:00 2.0 21:11 13.5 0.0 1.0 4.4 35.4 03:54 WSW
13 4.8 8.8 13:31 0.8 07:05 13.2 0.0 5.6 5.2 41.8 18:11 SSE
14 7.7 10.0 01:05 5.4 07:26 10.9 0.0 4.0 6.6 49.9 04:54 S
15 4.4 7.6 11:25 1.2 23:48 14.0 0.0 15.4 3.5 37.0 11:57 S
16 3.1 5.1 13:09 1.0 00:15 14.9 0.0 2.2 0.9 11.3 19:41 S
17 3.0 3.8 13:01 2.2 09:43 15.2 0.0 0.0 2.0 19.3 07:48 SW
18 2.0 3.1 00:00 0.9 06:29 16.0 0.0 2.0 0.6 19.3 03:40 SSE
19 3.3 4.0 12:15 2.6 00:12 15.2 0.0 0.2 1.1 9.7 12:15 NNW
20 4.4 5.7 13:33 3.1 00:00 14.0 0.0 0.8 0.3 8.0 13:48 SSE
21 6.1 7.6 14:14 4.6 00:10 12.2 0.0 2.8 0.6 11.3 21:32 SSE
22 7.9 8.8 13:56 7.0 04:37 10.4 0.0 7.2 0.3 6.4 13:15 SE
23 8.6 9.1 12:31 8.0 01:08 9.7 0.0 0.4 1.9 17.7 11:05 SW
24 7.7 8.7 02:05 6.7 23:48 10.3 0.0 0.0 2.5 19.3 22:41 SW
25 3.2 6.7 00:00 -0.3 23:56 14.2 0.0 0.0 1.6 17.7 00:37 SSW
26 6.4 13.4 09:57 -0.7 02:03 12.5 0.0 0.0 4.1 54.7 10:21 S
27 7.4 10.0 11:57 4.8 07:28 11.6 0.0 1.8 4.5 24.1 04:26 SE
28 3.6 5.2 00:00 1.9 19:10 15.2 0.0 5.4 3.2 20.9 00:54 SW
29 3.2 6.0 23:48 0.4 08:35 15.0 0.0 6.4 4.4 37.0 22:59 SSE
30 9.9 14.8 17:59 5.0 07:45 8.3 0.0 7.8 6.1 37.0 14:36 S
31 13.5 15.8 14:54 11.2 20:53 4.4 0.0 2.8 7.8 48.3 22:37 S
----------------------------------------------------------------------------------
5.0 15.8 31 -2.6 2 415.5 0.0 105.8 3.0 54.7 26 S
Max >= 27.0 0
Max <= 0.0 0
Min <= 0.0 7
Min <= -18.0 0
Max Rain: 15.6 on day 11
Days of Rain: 23 (>= 0.2 mm) 15 (>= 2.0 mm) 0 (>= 20.0 mm)
Heat Base: 18.3 Cool Base: 18.3 Method: Integration