V/Λ SELECT: Month and Year
OR > Month
Monthly Climatological Summary for Sep 2016
Name: Wetterstation Ottenau City: Gaggenau-Ottenau State: Deutschland
Elevation: 144 m Lat: N 48° 47' 34" Lon: E 008° 19' 35"
Temperature (°C), Rain (mm), Wind Speed (km/h)
Heat Cool Avg
Mean Deg Deg Wind Dom
Day Temp High Time Low Time Days Days Rain Speed High Time Dir
----------------------------------------------------------------------------------
01 22.7 28.6 16:44 16.8 06:05 0.1 4.0 0.0 1.6 16.1 12:30 NW
02 21.2 27.3 15:43 15.1 07:07 0.5 3.3 0.0 2.6 24.1 13:23 NNW
03 22.4 29.6 15:49 15.2 06:06 0.2 4.3 0.0 2.3 17.7 02:41 ESE
04 21.1 24.9 15:57 17.3 04:43 0.1 1.6 8.4 3.0 27.4 16:38 SSW
05 19.5 23.1 16:49 15.8 06:18 0.6 0.9 0.0 2.3 19.3 11:58 SW
06 19.9 26.6 15:38 13.2 06:52 1.6 2.5 0.0 2.4 24.1 15:39 NNW
07 20.0 27.7 16:43 12.3 04:34 1.6 3.3 0.0 2.3 19.3 13:52 E
08 22.8 30.3 17:15 15.2 05:01 0.5 4.6 0.0 2.3 19.3 00:37 SSW
09 22.2 28.7 16:52 15.6 05:47 0.4 3.6 0.0 2.3 19.3 15:35 NNW
10 22.6 29.7 16:29 15.5 06:36 0.3 4.3 0.0 2.1 16.1 11:05 NNW
11 23.5 30.2 15:24 16.8 07:05 0.1 4.5 0.0 2.6 17.7 12:17 NNW
12 24.2 31.2 16:48 17.2 07:45 0.1 5.1 0.0 2.3 16.1 15:04 N
13 25.0 32.7 16:51 17.3 06:36 0.0 6.0 0.0 2.7 20.9 15:29 NNW
14 24.4 32.2 15:52 16.6 07:40 0.1 5.1 0.0 2.6 22.5 15:32 NNW
15 19.7 23.8 13:22 15.5 07:04 0.4 1.9 0.0 2.3 20.9 13:33 W
16 18.0 21.6 16:02 14.3 06:22 1.4 0.4 0.0 1.2 12.9 11:51 W
17 18.0 22.6 16:16 13.4 05:55 2.0 0.9 5.2 1.7 17.7 14:04 NW
18 15.5 16.6 14:11 14.4 22:43 2.7 0.0 24.6 1.4 14.5 02:22 NW
19 15.9 19.4 11:48 12.3 21:42 2.8 0.0 0.0 1.0 14.5 17:07 W
20 15.1 18.4 14:03 11.8 04:14 3.6 0.0 0.0 1.8 14.5 06:15 ENE
21 16.3 21.5 16:02 11.1 23:56 3.7 0.4 0.0 2.2 19.3 16:37 N
22 15.5 21.9 15:17 9.0 06:21 4.4 0.7 0.0 2.0 16.1 11:54 NNW
23 16.5 22.2 16:13 10.7 06:02 3.3 0.8 0.0 1.8 20.9 13:29 NNW
24 17.8 24.9 15:14 10.6 07:21 3.2 1.5 0.0 2.7 20.9 05:44 NE
25 19.3 26.0 16:07 12.6 07:14 1.8 2.0 0.0 2.6 22.5 03:56 E
26 17.9 21.8 15:41 14.0 23:01 1.7 0.5 0.0 2.1 19.3 14:59 NNW
27 18.6 23.0 15:50 14.2 07:41 2.1 1.0 6.6 1.9 16.1 14:56 NNW
28 17.7 24.0 15:48 11.4 07:42 2.3 1.3 0.0 2.2 19.3 02:36 SSW
29 19.0 26.3 15:59 11.6 07:14 1.8 3.2 0.0 2.8 22.5 16:18 SSW
30 19.4 24.0 13:37 14.8 05:00 1.3 1.6 0.0 2.1 19.3 14:53 WSW
----------------------------------------------------------------------------------
19.7 32.7 13 9.0 22 44.7 69.3 44.8 2.2 27.4 4 NNW
Max >= 27.0 11
Max <= 0.0 0
Min <= 0.0 0
Min <= -18.0 0
Max Rain: 24.6 on day 18
Days of Rain: 4 (>= 0.2 mm) 4 (>= 2.0 mm) 1 (>= 20.0 mm)
Heat Base: 18.3 Cool Base: 18.3 Method: Integration